{"id":9575,"date":"2021-04-01T12:29:23","date_gmt":"2021-04-01T10:29:23","guid":{"rendered":"https:\/\/www.tessituracalabrese.it\/shop\/?post_type=product&#038;p=9575"},"modified":"2025-10-01T10:26:10","modified_gmt":"2025-10-01T08:26:10","slug":"borsa-mare-apino","status":"publish","type":"product","link":"https:\/\/www.tessituracalabrese.it\/shop\/prodotto\/borsa-mare-apino\/","title":{"rendered":"Borsa mare Apino"},"content":{"rendered":"<p>La borsa mare apino \u00e8 in tela di puro e pregiato cotone a righe colorato, l&#8217;interno \u00e8 in spugna di puro cotone colorato che riprende il colore delle righe. Presenta una linea morbida ed \u00e8 dotata di manici facili da portare sia a spalla che a mano. Chiusura con fiocco in tela di cotone, al suo interno \u00e8 molto capiente e pu\u00f2 contenere comodamente tutti i vostri oggetti, Un accessorio che unisce la moda con attenzione all&#8217;ambiente, perfetta per le vostre giornate al mare e alla quale si pu\u00f2 abbinare il telo coordinato. Ottima come idea regalo.<\/p>\n","protected":false},"excerpt":{"rendered":"<p>Borsa mare con tessuto a righe in cotone con interno in spugna colorata.<\/p>\n","protected":false},"featured_media":0,"comment_status":"open","ping_status":"closed","template":"","meta":[],"product_brand":[],"product_cat":[261],"product_tag":[],"class_list":{"0":"post-9575","1":"product","2":"type-product","3":"status-publish","5":"product_cat-mare","7":"first","8":"instock","9":"shipping-taxable","10":"purchasable","11":"product-type-variable","12":"has-default-attributes"},"yoast_head":"<!-- This site is optimized with the Yoast SEO plugin v27.5 - https:\/\/yoast.com\/product\/yoast-seo-wordpress\/ -->\n<title>Borsa mare Apino - Vendita Online - Tessitura Calabrese Shop<\/title>\n<meta name=\"description\" content=\"Scopri tutte le caratteristiche e i dettagli del prodotto Borsa mare Apino. Scegli la bellezza e la qualit\u00e0 dei prodotti artigianali di Tessitura Calabrese.\" \/>\n<meta name=\"robots\" content=\"index, follow, max-snippet:-1, max-image-preview:large, max-video-preview:-1\" \/>\n<link rel=\"canonical\" href=\"https:\/\/www.tessituracalabrese.it\/shop\/prodotto\/borsa-mare-apino\/\" \/>\n<meta property=\"og:locale\" content=\"it_IT\" \/>\n<meta property=\"og:type\" content=\"article\" \/>\n<meta property=\"og:title\" content=\"Borsa mare Apino - Vendita Online - Tessitura Calabrese Shop\" \/>\n<meta property=\"og:description\" content=\"Scopri tutte le caratteristiche e i dettagli del prodotto Borsa mare Apino. Scegli la bellezza e la qualit\u00e0 dei prodotti artigianali di Tessitura Calabrese.\" \/>\n<meta property=\"og:url\" content=\"https:\/\/www.tessituracalabrese.it\/shop\/prodotto\/borsa-mare-apino\/\" \/>\n<meta property=\"og:site_name\" content=\"Tessitura Calabrese Shop\" \/>\n<meta property=\"article:modified_time\" content=\"2025-10-01T08:26:10+00:00\" \/>\n<meta name=\"twitter:card\" content=\"summary_large_image\" \/>\n<script type=\"application\/ld+json\" class=\"yoast-schema-graph\">{\"@context\":\"https:\\\/\\\/schema.org\",\"@graph\":[{\"@type\":\"WebPage\",\"@id\":\"https:\\\/\\\/www.tessituracalabrese.it\\\/shop\\\/prodotto\\\/borsa-mare-apino\\\/\",\"url\":\"https:\\\/\\\/www.tessituracalabrese.it\\\/shop\\\/prodotto\\\/borsa-mare-apino\\\/\",\"name\":\"Borsa mare Apino - Vendita Online - Tessitura Calabrese Shop\",\"isPartOf\":{\"@id\":\"https:\\\/\\\/www.tessituracalabrese.it\\\/shop\\\/#website\"},\"datePublished\":\"2021-04-01T10:29:23+00:00\",\"dateModified\":\"2025-10-01T08:26:10+00:00\",\"description\":\"Scopri tutte le caratteristiche e i dettagli del prodotto Borsa mare Apino. Scegli la bellezza e la qualit\u00e0 dei prodotti artigianali di Tessitura Calabrese.\",\"breadcrumb\":{\"@id\":\"https:\\\/\\\/www.tessituracalabrese.it\\\/shop\\\/prodotto\\\/borsa-mare-apino\\\/#breadcrumb\"},\"inLanguage\":\"it-IT\",\"potentialAction\":[{\"@type\":\"ReadAction\",\"target\":[\"https:\\\/\\\/www.tessituracalabrese.it\\\/shop\\\/prodotto\\\/borsa-mare-apino\\\/\"]}]},{\"@type\":\"BreadcrumbList\",\"@id\":\"https:\\\/\\\/www.tessituracalabrese.it\\\/shop\\\/prodotto\\\/borsa-mare-apino\\\/#breadcrumb\",\"itemListElement\":[{\"@type\":\"ListItem\",\"position\":1,\"name\":\"Home\",\"item\":\"https:\\\/\\\/www.tessituracalabrese.it\\\/shop\\\/\"},{\"@type\":\"ListItem\",\"position\":2,\"name\":\"Shop\",\"item\":\"https:\\\/\\\/www.tessituracalabrese.it\\\/shop\\\/negozio\\\/\"},{\"@type\":\"ListItem\",\"position\":3,\"name\":\"Borsa mare Apino\"}]},{\"@type\":\"WebSite\",\"@id\":\"https:\\\/\\\/www.tessituracalabrese.it\\\/shop\\\/#website\",\"url\":\"https:\\\/\\\/www.tessituracalabrese.it\\\/shop\\\/\",\"name\":\"Tessitura Calabrese Shop\",\"description\":\"Un nuovo sito targato WordPress\",\"potentialAction\":[{\"@type\":\"SearchAction\",\"target\":{\"@type\":\"EntryPoint\",\"urlTemplate\":\"https:\\\/\\\/www.tessituracalabrese.it\\\/shop\\\/?s={search_term_string}\"},\"query-input\":{\"@type\":\"PropertyValueSpecification\",\"valueRequired\":true,\"valueName\":\"search_term_string\"}}],\"inLanguage\":\"it-IT\"}]}<\/script>\n<!-- \/ Yoast SEO plugin. -->","yoast_head_json":{"title":"Borsa mare Apino - Vendita Online - Tessitura Calabrese Shop","description":"Scopri tutte le caratteristiche e i dettagli del prodotto Borsa mare Apino. Scegli la bellezza e la qualit\u00e0 dei prodotti artigianali di Tessitura Calabrese.","robots":{"index":"index","follow":"follow","max-snippet":"max-snippet:-1","max-image-preview":"max-image-preview:large","max-video-preview":"max-video-preview:-1"},"canonical":"https:\/\/www.tessituracalabrese.it\/shop\/prodotto\/borsa-mare-apino\/","og_locale":"it_IT","og_type":"article","og_title":"Borsa mare Apino - Vendita Online - Tessitura Calabrese Shop","og_description":"Scopri tutte le caratteristiche e i dettagli del prodotto Borsa mare Apino. Scegli la bellezza e la qualit\u00e0 dei prodotti artigianali di Tessitura Calabrese.","og_url":"https:\/\/www.tessituracalabrese.it\/shop\/prodotto\/borsa-mare-apino\/","og_site_name":"Tessitura Calabrese Shop","article_modified_time":"2025-10-01T08:26:10+00:00","twitter_card":"summary_large_image","schema":{"@context":"https:\/\/schema.org","@graph":[{"@type":"WebPage","@id":"https:\/\/www.tessituracalabrese.it\/shop\/prodotto\/borsa-mare-apino\/","url":"https:\/\/www.tessituracalabrese.it\/shop\/prodotto\/borsa-mare-apino\/","name":"Borsa mare Apino - Vendita Online - Tessitura Calabrese Shop","isPartOf":{"@id":"https:\/\/www.tessituracalabrese.it\/shop\/#website"},"datePublished":"2021-04-01T10:29:23+00:00","dateModified":"2025-10-01T08:26:10+00:00","description":"Scopri tutte le caratteristiche e i dettagli del prodotto Borsa mare Apino. Scegli la bellezza e la qualit\u00e0 dei prodotti artigianali di Tessitura Calabrese.","breadcrumb":{"@id":"https:\/\/www.tessituracalabrese.it\/shop\/prodotto\/borsa-mare-apino\/#breadcrumb"},"inLanguage":"it-IT","potentialAction":[{"@type":"ReadAction","target":["https:\/\/www.tessituracalabrese.it\/shop\/prodotto\/borsa-mare-apino\/"]}]},{"@type":"BreadcrumbList","@id":"https:\/\/www.tessituracalabrese.it\/shop\/prodotto\/borsa-mare-apino\/#breadcrumb","itemListElement":[{"@type":"ListItem","position":1,"name":"Home","item":"https:\/\/www.tessituracalabrese.it\/shop\/"},{"@type":"ListItem","position":2,"name":"Shop","item":"https:\/\/www.tessituracalabrese.it\/shop\/negozio\/"},{"@type":"ListItem","position":3,"name":"Borsa mare Apino"}]},{"@type":"WebSite","@id":"https:\/\/www.tessituracalabrese.it\/shop\/#website","url":"https:\/\/www.tessituracalabrese.it\/shop\/","name":"Tessitura Calabrese Shop","description":"Un nuovo sito targato WordPress","potentialAction":[{"@type":"SearchAction","target":{"@type":"EntryPoint","urlTemplate":"https:\/\/www.tessituracalabrese.it\/shop\/?s={search_term_string}"},"query-input":{"@type":"PropertyValueSpecification","valueRequired":true,"valueName":"search_term_string"}}],"inLanguage":"it-IT"}]}},"_links":{"self":[{"href":"https:\/\/www.tessituracalabrese.it\/shop\/wp-json\/wp\/v2\/product\/9575","targetHints":{"allow":["GET"]}}],"collection":[{"href":"https:\/\/www.tessituracalabrese.it\/shop\/wp-json\/wp\/v2\/product"}],"about":[{"href":"https:\/\/www.tessituracalabrese.it\/shop\/wp-json\/wp\/v2\/types\/product"}],"replies":[{"embeddable":true,"href":"https:\/\/www.tessituracalabrese.it\/shop\/wp-json\/wp\/v2\/comments?post=9575"}],"wp:attachment":[{"href":"https:\/\/www.tessituracalabrese.it\/shop\/wp-json\/wp\/v2\/media?parent=9575"}],"wp:term":[{"taxonomy":"product_brand","embeddable":true,"href":"https:\/\/www.tessituracalabrese.it\/shop\/wp-json\/wp\/v2\/product_brand?post=9575"},{"taxonomy":"product_cat","embeddable":true,"href":"https:\/\/www.tessituracalabrese.it\/shop\/wp-json\/wp\/v2\/product_cat?post=9575"},{"taxonomy":"product_tag","embeddable":true,"href":"https:\/\/www.tessituracalabrese.it\/shop\/wp-json\/wp\/v2\/product_tag?post=9575"}],"curies":[{"name":"wp","href":"https:\/\/api.w.org\/{rel}","templated":true}]}}